{"id":7029,"date":"2025-07-10T02:19:38","date_gmt":"2025-07-10T00:19:38","guid":{"rendered":"https:\/\/www.shop.aktivsocken-online.de\/shop\/produkt\/weihnachtsmarktsocke-neu\/"},"modified":"2026-02-17T16:20:46","modified_gmt":"2026-02-17T15:20:46","slug":"weihnachtsmarktsocke-neu","status":"publish","type":"product","link":"https:\/\/www.aktivsocken.de\/shop\/produkt\/weihnachtsmarktsocke-neu\/","title":{"rendered":"Weihnachtsmarktsocke neu"},"content":{"rendered":"","protected":false},"excerpt":{"rendered":"<p>Eine sch\u00f6ne mittelschwere Socke aus 90 % Wolle und 10 % Polyamid in diversen Farben und Gr\u00f6\u00dfen<\/p>\n","protected":false},"featured_media":7030,"template":"","meta":{"_acf_changed":false},"product_brand":[],"product_cat":[386],"product_tag":[],"class_list":{"0":"post-7029","1":"product","2":"type-product","3":"status-publish","4":"has-post-thumbnail","6":"product_cat-home-wellness","7":"pa_farbe-marine","8":"pa_farbe-anthrazit","9":"pa_farbe-jeans","10":"pa_farbe-lime","11":"pa_farbe-natur","12":"pa_farbe-rot","13":"pa_farbe-schwarz","14":"pa_groesse-36-37","15":"pa_groesse-38-39","16":"pa_groesse-40-41","17":"pa_groesse-42-43","18":"pa_groesse-44-46","19":"pa_groesse-47-48","21":"first","22":"instock","23":"taxable","24":"shipping-taxable","25":"purchasable","26":"product-type-variable"},"acf":[],"_links":{"self":[{"href":"https:\/\/www.aktivsocken.de\/shop\/wp-json\/wp\/v2\/product\/7029","targetHints":{"allow":["GET"]}}],"collection":[{"href":"https:\/\/www.aktivsocken.de\/shop\/wp-json\/wp\/v2\/product"}],"about":[{"href":"https:\/\/www.aktivsocken.de\/shop\/wp-json\/wp\/v2\/types\/product"}],"wp:featuredmedia":[{"embeddable":true,"href":"https:\/\/www.aktivsocken.de\/shop\/wp-json\/wp\/v2\/media\/7030"}],"wp:attachment":[{"href":"https:\/\/www.aktivsocken.de\/shop\/wp-json\/wp\/v2\/media?parent=7029"}],"wp:term":[{"taxonomy":"product_brand","embeddable":true,"href":"https:\/\/www.aktivsocken.de\/shop\/wp-json\/wp\/v2\/product_brand?post=7029"},{"taxonomy":"product_cat","embeddable":true,"href":"https:\/\/www.aktivsocken.de\/shop\/wp-json\/wp\/v2\/product_cat?post=7029"},{"taxonomy":"product_tag","embeddable":true,"href":"https:\/\/www.aktivsocken.de\/shop\/wp-json\/wp\/v2\/product_tag?post=7029"}],"curies":[{"name":"wp","href":"https:\/\/api.w.org\/{rel}","templated":true}]}}